{"id":19962,"date":"1999-01-01T04:30:00","date_gmt":"1999-01-01T03:30:00","guid":{"rendered":"https:\/\/sanfrancesco800.cultura.gov.it\/?post_type=project&#038;p=19962"},"modified":"2026-03-09T10:55:05","modified_gmt":"2026-03-09T09:55:05","slug":"francesco-e-i-suoi-frati","status":"publish","type":"project","link":"https:\/\/sanfrancesco800.cultura.gov.it\/?project=francesco-e-i-suoi-frati","title":{"rendered":"FRANCESCO HA GLI OCCHI TUOI &#8211; Francesco e i suoi frati"},"content":{"rendered":"\n<!--more-->\n\n\n\n<h6 class=\"wp-block-heading\">Sabato 7 marzo al Refettorietto della Basilica il terzo incontro della rassegna Francesco ha gli occhi tuoi.<\/h6>\n\n\n\n<p>Il terzo incontro della rassegna Francesco ha gli occhi tuoi, <strong>sabato 7 marzo alle 16:00 presso il Refettorietto della Basilica di Santa Maria degli Angeli <\/strong>sar\u00e0 incentrato sul tema \u201cFrancesco e i suoi frati\u201d e vedr\u00e0 la partecipazione di <strong>Giovanni Grado Merlo<\/strong>, professore emerito all\u2019Universit\u00e0 statale di Milano come storico, di <strong>Fra Massimo Fusarelli<\/strong>, Ministro Generale dell\u2019Ordine dei Frati Minori come attualizzatore e di <strong>Fra Georges Massinelli<\/strong>, professore di Sacra Scrittura alla Pontificia Universit\u00e0 Antonianum, nel ruolo di moderatore.<\/p>\n\n\n\n<p>L\u2019incontro che nasce attorno a Francesco e ai suoi frati \u00e8 oggi pi\u00f9 che mai significativo perch\u00e9 <strong>parla di una fraternit\u00e0 concreta, vissuta e non solo proclamata<\/strong>, capace di rispondere alle sfide del mondo contemporaneo. In una societ\u00e0 segnata da individualismo, competizione e solitudini diffuse, l\u2019esperienza francescana ricorda che l\u2019incontro autentico si costruisce nella condivisione della vita, nella cura delle relazioni e nella scelta della minorit\u00e0 come stile.<\/p>\n\n\n\n<p>Attualizzare questo tema oggi significa riscoprire il valore di <strong>comunit\u00e0 aperte, inclusive e solidali<\/strong>, in cui le differenze non dividono ma arricchiscono, e in cui il servizio agli ultimi diventa criterio di credibilit\u00e0. L\u2019incontro ispirato a Francesco e ai suoi frati si propone cos\u00ec come una risposta attuale al bisogno di senso e di legami veri, indicando che <strong>solo attraverso relazioni fraterne e responsabili \u00e8 possibile generare speranza e futuro nel mondo di oggi<\/strong>.<\/p>\n\n\n\n<h3 class=\"wp-block-heading\"><strong>Momento di memoria alla Cappella del Transito<\/strong><\/h3>\n\n\n\n<p>Alla fine dell\u2019incontro, i partecipanti saranno invitati nella Basilica di Santa Maria degli Angeli in Porziuncola&nbsp;<strong>per un momento di preghiera<\/strong>, in cui si far\u00e0 memoria del Transito di San Francesco avvenuto il 3 ottobre 1226, nel luogo dove si \u00e8 compiuto. In questo modo, la riflessione culturale sar\u00e0 sempre&nbsp;<strong>accompagnata dalla dimensione spirituale che ha reso Francesco una figura senza tempo<\/strong>.<\/p>\n\n\n\n<p><strong>Ingresso libero<\/strong> fino ad esaurimento posti.<\/p>\n\n\n\n<p><strong>Diretta streaming<\/strong> sui canali ufficiali della Provincia Serafica e attraverso la app \u201cFrancesco con me\u201d<\/p>\n\n\n\n<p>\u27a1\ufe0f <strong>Disponibile su Google Play &nbsp;<\/strong><a href=\"https:\/\/play.google.com\/store\/apps\/details?id=it.studioromboli.frati\" target=\"_blank\" rel=\"noreferrer noopener\"><strong>https:\/\/play.google.com\/store\/apps\/details?id=it.studioromboli.frati<\/strong><\/a><\/p>\n\n\n\n<p><strong>\u27a1\ufe0f Disponibile su App Store &nbsp;<a href=\"https:\/\/apps.apple.com\/us\/app\/francesco-con-me\/id6743627137\">https:\/\/apps.apple.com\/us\/app\/francesco-con-me\/id6743627137<\/a><\/strong><\/p>\n\n\n\n<p><strong>Pagina ufficiale dei Centenari<\/strong>: <a href=\"https:\/\/centenarifrancescaniassisi.org\/transito-di-san-francesco\/\" target=\"_blank\" rel=\"noreferrer noopener\">https:\/\/centenarifrancescaniassisi.org\/transito-di-san-francesco\/<\/a><\/p>\n\n\n\n<figure class=\"wp-block-gallery has-nested-images columns-default is-cropped wp-block-gallery-1 is-layout-flex wp-block-gallery-is-layout-flex\">\n<figure class=\"wp-block-image size-large\"><img loading=\"lazy\" decoding=\"async\" width=\"724\" height=\"1024\" data-id=\"19963\" src=\"https:\/\/sanfrancesco800.cultura.gov.it\/wp-content\/uploads\/2026\/03\/WhatsApp-Image-2026-02-06-at-11.05.11-724x1024.jpeg\" alt=\"\" class=\"wp-image-19963\" srcset=\"https:\/\/sanfrancesco800.cultura.gov.it\/wp-content\/uploads\/2026\/03\/WhatsApp-Image-2026-02-06-at-11.05.11-724x1024.jpeg 724w, https:\/\/sanfrancesco800.cultura.gov.it\/wp-content\/uploads\/2026\/03\/WhatsApp-Image-2026-02-06-at-11.05.11-212x300.jpeg 212w, https:\/\/sanfrancesco800.cultura.gov.it\/wp-content\/uploads\/2026\/03\/WhatsApp-Image-2026-02-06-at-11.05.11-768x1086.jpeg 768w, https:\/\/sanfrancesco800.cultura.gov.it\/wp-content\/uploads\/2026\/03\/WhatsApp-Image-2026-02-06-at-11.05.11-1086x1536.jpeg 1086w, https:\/\/sanfrancesco800.cultura.gov.it\/wp-content\/uploads\/2026\/03\/WhatsApp-Image-2026-02-06-at-11.05.11-580x821.jpeg 580w, https:\/\/sanfrancesco800.cultura.gov.it\/wp-content\/uploads\/2026\/03\/WhatsApp-Image-2026-02-06-at-11.05.11-860x1217.jpeg 860w, https:\/\/sanfrancesco800.cultura.gov.it\/wp-content\/uploads\/2026\/03\/WhatsApp-Image-2026-02-06-at-11.05.11.jpeg 1131w\" sizes=\"auto, (max-width: 724px) 100vw, 724px\" \/><\/figure>\n<\/figure>\n","protected":false},"excerpt":{"rendered":"","protected":false},"author":1,"featured_media":19966,"menu_order":0,"comment_status":"closed","ping_status":"closed","template":"","format":"standard","meta":{"footnotes":""},"pj-categs":[38],"pj-tags":[],"class_list":["post-19962","project","type-project","status-publish","format-standard","has-post-thumbnail","hentry","pj-categs-eventi"],"_links":{"self":[{"href":"https:\/\/sanfrancesco800.cultura.gov.it\/index.php?rest_route=\/wp\/v2\/project\/19962","targetHints":{"allow":["GET"]}}],"collection":[{"href":"https:\/\/sanfrancesco800.cultura.gov.it\/index.php?rest_route=\/wp\/v2\/project"}],"about":[{"href":"https:\/\/sanfrancesco800.cultura.gov.it\/index.php?rest_route=\/wp\/v2\/types\/project"}],"author":[{"embeddable":true,"href":"https:\/\/sanfrancesco800.cultura.gov.it\/index.php?rest_route=\/wp\/v2\/users\/1"}],"replies":[{"embeddable":true,"href":"https:\/\/sanfrancesco800.cultura.gov.it\/index.php?rest_route=%2Fwp%2Fv2%2Fcomments&post=19962"}],"version-history":[{"count":4,"href":"https:\/\/sanfrancesco800.cultura.gov.it\/index.php?rest_route=\/wp\/v2\/project\/19962\/revisions"}],"predecessor-version":[{"id":20046,"href":"https:\/\/sanfrancesco800.cultura.gov.it\/index.php?rest_route=\/wp\/v2\/project\/19962\/revisions\/20046"}],"wp:featuredmedia":[{"embeddable":true,"href":"https:\/\/sanfrancesco800.cultura.gov.it\/index.php?rest_route=\/wp\/v2\/media\/19966"}],"wp:attachment":[{"href":"https:\/\/sanfrancesco800.cultura.gov.it\/index.php?rest_route=%2Fwp%2Fv2%2Fmedia&parent=19962"}],"wp:term":[{"taxonomy":"pj-categs","embeddable":true,"href":"https:\/\/sanfrancesco800.cultura.gov.it\/index.php?rest_route=%2Fwp%2Fv2%2Fpj-categs&post=19962"},{"taxonomy":"pj-tags","embeddable":true,"href":"https:\/\/sanfrancesco800.cultura.gov.it\/index.php?rest_route=%2Fwp%2Fv2%2Fpj-tags&post=19962"}],"curies":[{"name":"wp","href":"https:\/\/api.w.org\/{rel}","templated":true}]}}

<!--more-->



<h6 class="wp-block-heading">Sabato 7 marzo al Refettorietto della Basilica il terzo incontro della rassegna Francesco ha gli occhi tuoi.</h6>



<p>Il terzo incontro della rassegna Francesco ha gli occhi tuoi, <strong>sabato 7 marzo alle 16:00 presso il Refettorietto della Basilica di Santa Maria degli Angeli </strong>sarà incentrato sul tema “Francesco e i suoi frati” e vedrà la partecipazione di <strong>Giovanni Grado Merlo</strong>, professore emerito all’Università statale di Milano come storico, di <strong>Fra Massimo Fusarelli</strong>, Ministro Generale dell’Ordine dei Frati Minori come attualizzatore e di <strong>Fra Georges Massinelli</strong>, professore di Sacra Scrittura alla Pontificia Università Antonianum, nel ruolo di moderatore.</p>



<p>L’incontro che nasce attorno a Francesco e ai suoi frati è oggi più che mai significativo perché <strong>parla di una fraternità concreta, vissuta e non solo proclamata</strong>, capace di rispondere alle sfide del mondo contemporaneo. In una società segnata da individualismo, competizione e solitudini diffuse, l’esperienza francescana ricorda che l’incontro autentico si costruisce nella condivisione della vita, nella cura delle relazioni e nella scelta della minorità come stile.</p>



<p>Attualizzare questo tema oggi significa riscoprire il valore di <strong>comunità aperte, inclusive e solidali</strong>, in cui le differenze non dividono ma arricchiscono, e in cui il servizio agli ultimi diventa criterio di credibilità. L’incontro ispirato a Francesco e ai suoi frati si propone così come una risposta attuale al bisogno di senso e di legami veri, indicando che <strong>solo attraverso relazioni fraterne e responsabili è possibile generare speranza e futuro nel mondo di oggi</strong>.</p>



<h3 class="wp-block-heading"><strong>Momento di memoria alla Cappella del Transito</strong></h3>



<p>Alla fine dell’incontro, i partecipanti saranno invitati nella Basilica di Santa Maria degli Angeli in Porziuncola&nbsp;<strong>per un momento di preghiera</strong>, in cui si farà memoria del Transito di San Francesco avvenuto il 3 ottobre 1226, nel luogo dove si è compiuto. In questo modo, la riflessione culturale sarà sempre&nbsp;<strong>accompagnata dalla dimensione spirituale che ha reso Francesco una figura senza tempo</strong>.</p>



<p><strong>Ingresso libero</strong> fino ad esaurimento posti.</p>



<p><strong>Diretta streaming</strong> sui canali ufficiali della Provincia Serafica e attraverso la app “Francesco con me”</p>



<p>➡️ <strong>Disponibile su Google Play &nbsp;</strong><a href="https://play.google.com/store/apps/details?id=it.studioromboli.frati" target="_blank" rel="noreferrer noopener"><strong>https://play.google.com/store/apps/details?id=it.studioromboli.frati</strong></a></p>



<p><strong>➡️ Disponibile su App Store &nbsp;<a href="https://apps.apple.com/us/app/francesco-con-me/id6743627137">https://apps.apple.com/us/app/francesco-con-me/id6743627137</a></strong></p>



<p><strong>Pagina ufficiale dei Centenari</strong>: <a href="https://centenarifrancescaniassisi.org/transito-di-san-francesco/" target="_blank" rel="noreferrer noopener">https://centenarifrancescaniassisi.org/transito-di-san-francesco/</a></p>



<figure class="wp-block-gallery has-nested-images columns-default is-cropped wp-block-gallery-1 is-layout-flex wp-block-gallery-is-layout-flex">
<figure class="wp-block-image size-large"><img loading="lazy" decoding="async" width="724" height="1024" data-id="19963" src="https://sanfrancesco800.cultura.gov.it/wp-content/uploads/2026/03/WhatsApp-Image-2026-02-06-at-11.05.11-724x1024.jpeg" alt="" class="wp-image-19963" srcset="https://sanfrancesco800.cultura.gov.it/wp-content/uploads/2026/03/WhatsApp-Image-2026-02-06-at-11.05.11-724x1024.jpeg 724w, https://sanfrancesco800.cultura.gov.it/wp-content/uploads/2026/03/WhatsApp-Image-2026-02-06-at-11.05.11-212x300.jpeg 212w, https://sanfrancesco800.cultura.gov.it/wp-content/uploads/2026/03/WhatsApp-Image-2026-02-06-at-11.05.11-768x1086.jpeg 768w, https://sanfrancesco800.cultura.gov.it/wp-content/uploads/2026/03/WhatsApp-Image-2026-02-06-at-11.05.11-1086x1536.jpeg 1086w, https://sanfrancesco800.cultura.gov.it/wp-content/uploads/2026/03/WhatsApp-Image-2026-02-06-at-11.05.11-580x821.jpeg 580w, https://sanfrancesco800.cultura.gov.it/wp-content/uploads/2026/03/WhatsApp-Image-2026-02-06-at-11.05.11-860x1217.jpeg 860w, https://sanfrancesco800.cultura.gov.it/wp-content/uploads/2026/03/WhatsApp-Image-2026-02-06-at-11.05.11.jpeg 1131w" sizes="auto, (max-width: 724px) 100vw, 724px" /></figure>
</figure>
