{"id":19674,"date":"1999-01-01T04:36:00","date_gmt":"1999-01-01T03:36:00","guid":{"rendered":"https:\/\/sanfrancesco800.cultura.gov.it\/?post_type=project&#038;p=19674"},"modified":"2026-02-26T14:50:49","modified_gmt":"2026-02-26T13:50:49","slug":"canto-delle-creature-concerto-di-boschi-pascoli-e-cuori","status":"publish","type":"project","link":"https:\/\/sanfrancesco800.cultura.gov.it\/?project=canto-delle-creature-concerto-di-boschi-pascoli-e-cuori","title":{"rendered":"ISTITUTO ITALIANO DI CULTURA DI PARIGI : &#8220;Canto delle Creature.&#8221; di Ambrogio Sparagna"},"content":{"rendered":"\n<!--more-->\n\n\n\n<p>Un progetto originale di <strong>Ambrogio Sparagna<\/strong><\/p>\n\n\n\n<p>con l\u2019<strong>Orchestra Popolare Italiana dell\u2019Auditorium Parco della Musica di Roma<\/strong> : <strong>Ambrogio Sparagna<\/strong>, organetto e voce; <strong>Anna Rita Colaianni<\/strong>, voce; <strong>Alessia Salvucci<\/strong>, percussioni; <strong>Marco Iamele<\/strong>, zampogne e ciaramelle; <strong>Raffaello Simeoni<\/strong>, voce e flauti popolari<\/p>\n\n\n\n<p>Con la partecipazione del poeta <strong>Davide Rondoni<\/strong><\/p>\n\n\n\n<p>Progetto Speciale per le Celebrazioni dell\u2019Ottocentenario Francescano<\/p>\n\n\n\n<p><a href=\"https:\/\/my.weezevent.com\/canto-delle-creature-concert-de-forets-de-paturages-et-de-curs\"><strong>Per iscriversi, cliccare qui<\/strong><\/a><\/p>\n\n\n\n<p>Il <em>Canto delle Creature<\/em> \u00e8 un viaggio poetico musicale sulle orme di Francesco e del suo <em>Cantico<\/em>. Quel testo che il poeta santo e giullare scrisse in tre momenti della sua vita, concludendolo poco prima della morte, \u00e8 la sintesi semplice e profonda della sua visione del mondo. Molti lo conoscono ma non lo hanno mai letto davvero. \u00c8 urgente tornare a vedere cosa c\u2019\u00e8 in quelle parole e che esperienza indicano. Non solo sono tra le origini della letteratura europea, ma segnano una strada che vale anche oggi per l\u2019uomo e per il suo rapporto con la natura contro tutte le ideologie e contro slogan e banalit\u00e0. Nello spettacolo che Ambrogio Sparagna ha composto si viaggia danzando e cantando in quel testo e in tanti canti popolari che ne riecheggiano.<\/p>\n\n\n\n<p>Nello spettacolo oltre alla riproposizione musicale integrale del <em>Cantico delle creature,<\/em> sono eseguite alcune laudi popolari legate al repertorio francescano tratte dagli antichi codici del Laudario di Cortona. Nel corso dei secoli il cantico francescano ha generato nella tradizione italiana lo sviluppo di una ampia variet\u00e0 di canti che ne hanno ampiamente utilizzato alcuni modi poetici come appare evidente nel repertorio delle laudi cinquecentesche attribuite a San Filippo Neri e nelle canzoncine spirituali settecentesche di Sant\u2019Alfonso Maria dei Liguori.<\/p>\n\n\n\n<p>Ambrogio Sparagna ne ha elaborate alcune fra le pi\u00f9 significative, come le filippine <em>Chi vuol salire in cielo<\/em>, <em>Vanit\u00e0 di vanit\u00e0<\/em>, <em>Lodate Dio<\/em> e quelle in dialetto napoletano antico come <em>Viene Suonno<\/em>, <em>E ninnillo mio si tu,<\/em> <em>Oggi \u00e8 nata na nennella<\/em>.&nbsp; Le musiche degli strumenti musicali e le voci e le danze della tradizione, guidati dall\u2019organetto di Ambrogio Sparagna, insieme agli interventi del poeta Davide Rondoni, generano tutte le volte uno straordinario concerto di boschi musicali, pascoli sonori e cuori vibranti.<\/p>\n\n\n\n<blockquote class=\"wp-block-quote is-layout-flow wp-block-quote-is-layout-flow\">\n<p><em>\u201cC\u2019\u00e8 una musica nel mondo, ma se non canti non la senti\u201d, dice il poeta. Da sempre l\u2019essere umano in mezzo alla natura canta. Con timore a volte, a volte con meraviglia. Da sempre l\u2019uomo canta lavorando, camminando, accompagnando i morti, amando. Unisce il suo canto a quel che egli stesso chiama canto delle acque, delle fronde, delle bestie, dei venti e di tutte le creature. Nel \u201cCanto delle creature\u201d che trov\u00f2 in Francesco d\u2019Assisi un grande interprete e poeta, prendono voce alberi, stelle e animali, insieme a pastori, contadini, ragazze e ragazzi innamorati, madri, marinai, ladri e santi. Perch\u00e9 con la Natura non ci pu\u00f2 essere armonia, n\u00e9 rispetto, se non si ascolta e non si canta insieme.<\/em><\/p>\n<\/blockquote>\n\n\n\n<p>FONTE : <a href=\"https:\/\/iicparigi.esteri.it\/it\/gli_eventi\/calendario\/canto-delle-creature-concerto-di-boschi-pascoli-e-cuori\/\">https:\/\/iicparigi.esteri.it\/it\/gli_eventi\/calendario\/canto-delle-creature-concerto-di-boschi-pascoli-e-cuori\/<\/a><\/p>\n","protected":false},"excerpt":{"rendered":"","protected":false},"author":1,"featured_media":19677,"menu_order":0,"comment_status":"closed","ping_status":"closed","template":"","format":"standard","meta":{"footnotes":""},"pj-categs":[38],"pj-tags":[],"class_list":["post-19674","project","type-project","status-publish","format-standard","has-post-thumbnail","hentry","pj-categs-eventi"],"_links":{"self":[{"href":"https:\/\/sanfrancesco800.cultura.gov.it\/index.php?rest_route=\/wp\/v2\/project\/19674","targetHints":{"allow":["GET"]}}],"collection":[{"href":"https:\/\/sanfrancesco800.cultura.gov.it\/index.php?rest_route=\/wp\/v2\/project"}],"about":[{"href":"https:\/\/sanfrancesco800.cultura.gov.it\/index.php?rest_route=\/wp\/v2\/types\/project"}],"author":[{"embeddable":true,"href":"https:\/\/sanfrancesco800.cultura.gov.it\/index.php?rest_route=\/wp\/v2\/users\/1"}],"replies":[{"embeddable":true,"href":"https:\/\/sanfrancesco800.cultura.gov.it\/index.php?rest_route=%2Fwp%2Fv2%2Fcomments&post=19674"}],"version-history":[{"count":2,"href":"https:\/\/sanfrancesco800.cultura.gov.it\/index.php?rest_route=\/wp\/v2\/project\/19674\/revisions"}],"predecessor-version":[{"id":19692,"href":"https:\/\/sanfrancesco800.cultura.gov.it\/index.php?rest_route=\/wp\/v2\/project\/19674\/revisions\/19692"}],"wp:featuredmedia":[{"embeddable":true,"href":"https:\/\/sanfrancesco800.cultura.gov.it\/index.php?rest_route=\/wp\/v2\/media\/19677"}],"wp:attachment":[{"href":"https:\/\/sanfrancesco800.cultura.gov.it\/index.php?rest_route=%2Fwp%2Fv2%2Fmedia&parent=19674"}],"wp:term":[{"taxonomy":"pj-categs","embeddable":true,"href":"https:\/\/sanfrancesco800.cultura.gov.it\/index.php?rest_route=%2Fwp%2Fv2%2Fpj-categs&post=19674"},{"taxonomy":"pj-tags","embeddable":true,"href":"https:\/\/sanfrancesco800.cultura.gov.it\/index.php?rest_route=%2Fwp%2Fv2%2Fpj-tags&post=19674"}],"curies":[{"name":"wp","href":"https:\/\/api.w.org\/{rel}","templated":true}]}}

<!--more-->



<p>Un progetto originale di <strong>Ambrogio Sparagna</strong></p>



<p>con l’<strong>Orchestra Popolare Italiana dell’Auditorium Parco della Musica di Roma</strong> : <strong>Ambrogio Sparagna</strong>, organetto e voce; <strong>Anna Rita Colaianni</strong>, voce; <strong>Alessia Salvucci</strong>, percussioni; <strong>Marco Iamele</strong>, zampogne e ciaramelle; <strong>Raffaello Simeoni</strong>, voce e flauti popolari</p>



<p>Con la partecipazione del poeta <strong>Davide Rondoni</strong></p>



<p>Progetto Speciale per le Celebrazioni dell’Ottocentenario Francescano</p>



<p><a href="https://my.weezevent.com/canto-delle-creature-concert-de-forets-de-paturages-et-de-curs"><strong>Per iscriversi, cliccare qui</strong></a></p>



<p>Il <em>Canto delle Creature</em> è un viaggio poetico musicale sulle orme di Francesco e del suo <em>Cantico</em>. Quel testo che il poeta santo e giullare scrisse in tre momenti della sua vita, concludendolo poco prima della morte, è la sintesi semplice e profonda della sua visione del mondo. Molti lo conoscono ma non lo hanno mai letto davvero. È urgente tornare a vedere cosa c’è in quelle parole e che esperienza indicano. Non solo sono tra le origini della letteratura europea, ma segnano una strada che vale anche oggi per l’uomo e per il suo rapporto con la natura contro tutte le ideologie e contro slogan e banalità. Nello spettacolo che Ambrogio Sparagna ha composto si viaggia danzando e cantando in quel testo e in tanti canti popolari che ne riecheggiano.</p>



<p>Nello spettacolo oltre alla riproposizione musicale integrale del <em>Cantico delle creature,</em> sono eseguite alcune laudi popolari legate al repertorio francescano tratte dagli antichi codici del Laudario di Cortona. Nel corso dei secoli il cantico francescano ha generato nella tradizione italiana lo sviluppo di una ampia varietà di canti che ne hanno ampiamente utilizzato alcuni modi poetici come appare evidente nel repertorio delle laudi cinquecentesche attribuite a San Filippo Neri e nelle canzoncine spirituali settecentesche di Sant’Alfonso Maria dei Liguori.</p>



<p>Ambrogio Sparagna ne ha elaborate alcune fra le più significative, come le filippine <em>Chi vuol salire in cielo</em>, <em>Vanità di vanità</em>, <em>Lodate Dio</em> e quelle in dialetto napoletano antico come <em>Viene Suonno</em>, <em>E ninnillo mio si tu,</em> <em>Oggi è nata na nennella</em>.&nbsp; Le musiche degli strumenti musicali e le voci e le danze della tradizione, guidati dall’organetto di Ambrogio Sparagna, insieme agli interventi del poeta Davide Rondoni, generano tutte le volte uno straordinario concerto di boschi musicali, pascoli sonori e cuori vibranti.</p>



<blockquote class="wp-block-quote is-layout-flow wp-block-quote-is-layout-flow">
<p><em>“C’è una musica nel mondo, ma se non canti non la senti”, dice il poeta. Da sempre l’essere umano in mezzo alla natura canta. Con timore a volte, a volte con meraviglia. Da sempre l’uomo canta lavorando, camminando, accompagnando i morti, amando. Unisce il suo canto a quel che egli stesso chiama canto delle acque, delle fronde, delle bestie, dei venti e di tutte le creature. Nel “Canto delle creature” che trovò in Francesco d’Assisi un grande interprete e poeta, prendono voce alberi, stelle e animali, insieme a pastori, contadini, ragazze e ragazzi innamorati, madri, marinai, ladri e santi. Perché con la Natura non ci può essere armonia, né rispetto, se non si ascolta e non si canta insieme.</em></p>
</blockquote>



<p>FONTE : <a href="https://iicparigi.esteri.it/it/gli_eventi/calendario/canto-delle-creature-concerto-di-boschi-pascoli-e-cuori/">https://iicparigi.esteri.it/it/gli_eventi/calendario/canto-delle-creature-concerto-di-boschi-pascoli-e-cuori/</a></p>
