{"id":1594,"date":"2023-01-01T14:01:35","date_gmt":"2023-01-01T13:01:35","guid":{"rendered":"http:\/\/welfare.cmsmasters.net\/?post_type=project&#038;p=1594"},"modified":"2025-11-11T11:53:22","modified_gmt":"2025-11-11T10:53:22","slug":"la-regola","status":"publish","type":"project","link":"https:\/\/sanfrancesco800.cultura.gov.it\/?project=la-regola","title":{"rendered":"La Regola Bollata"},"content":{"rendered":"<div id=\"cmsmasters_row_j7ltb9xl0g\" class=\"cmsmasters_row cmsmasters_color_scheme_default cmsmasters_row_top_default cmsmasters_row_bot_default cmsmasters_row_boxed\">\n<div class=\"cmsmasters_row_outer_parent\">\n<div class=\"cmsmasters_row_outer\">\n<div class=\"cmsmasters_row_inner\">\n<div class=\"cmsmasters_row_margin\">\n<div id=\"cmsmasters_column_od6ck2q5d8\" class=\"cmsmasters_column one_first\">\n<div class=\"cmsmasters_column_inner\"><div class=\"cmsmasters_text\">\n<p>Uno degli impegni centrali degli ultimi anni di vita di frate Francesco sar\u00e0 l\u2019aggiornamento della primitiva regola (o forma di vita) della fraternit\u00e0 \u2013 composta quasi essenzialmente di passi del Vangelo &#8211; che si era costituita attorno a lui e che aveva preso nel tempo il nome di \u201cfrati minori\u201d. Questa primitiva forma di vita era stata approvata oralmente da papa Innocenzo III probabilmente nel maggio 1210, tuttavia la rapida crescita dell\u2019Ordine e la rilevanza che all\u2019interno della Chiesa e della societ\u00e0 del tempo andava assumendo, chiedevano un regolamento pi\u00f9 articolato, in particolare in sintonia con le norme del diritto canonico del tempo. Dopo un primo tentativo \u2013 che non ottenne la ratifica finale della curia romana (la Regola non bollata, appunto del 1221) \u2013 finalmente la nuova versione, per la cui redazione frate Francesco si era ritirato a lungo nell\u2019eremo di Fonte Colombo, nella valle santa reatina, il 29 novembre 1223 ricever\u00e0 la conferma definitiva (per questo \u00e8 detta Regola bollata) da parte di papa Onorio III. Essa \u00e8 diventata cos\u00ec la norma fondamentale per la vita e l\u2019apostolato dei frati francescani fino ad oggi.<\/p>\n<h6>Fonte immagine : https:\/\/www.clarissevallesanta.it<\/h6>\n<\/div>\n<\/div><\/div>\n<\/div>\n<\/div>\n<\/div>\n<\/div>\n<\/div>\n<div id=\"cmsmasters_row_21mabcj8o\" class=\"cmsmasters_row cmsmasters_color_scheme_default cmsmasters_row_top_default cmsmasters_row_bot_default cmsmasters_row_boxed\">\n<div class=\"cmsmasters_row_outer_parent\">\n<div class=\"cmsmasters_row_outer\">\n<div class=\"cmsmasters_row_inner\">\n<div class=\"cmsmasters_row_margin\">\n<div id=\"cmsmasters_column_yvyndi5z2j\" class=\"cmsmasters_column one_first\">\n<div class=\"cmsmasters_column_inner\"><\/div><\/div>\n<\/div>\n<\/div>\n<\/div>\n<\/div>\n<\/div>\n\n","protected":false},"excerpt":{"rendered":"","protected":false},"author":1,"featured_media":18136,"menu_order":0,"comment_status":"closed","ping_status":"closed","template":"","format":"standard","meta":{"footnotes":""},"pj-categs":[36],"pj-tags":[],"class_list":["post-1594","project","type-project","status-publish","format-standard","has-post-thumbnail","hentry","pj-categs-francesco"],"_links":{"self":[{"href":"https:\/\/sanfrancesco800.cultura.gov.it\/index.php?rest_route=\/wp\/v2\/project\/1594","targetHints":{"allow":["GET"]}}],"collection":[{"href":"https:\/\/sanfrancesco800.cultura.gov.it\/index.php?rest_route=\/wp\/v2\/project"}],"about":[{"href":"https:\/\/sanfrancesco800.cultura.gov.it\/index.php?rest_route=\/wp\/v2\/types\/project"}],"author":[{"embeddable":true,"href":"https:\/\/sanfrancesco800.cultura.gov.it\/index.php?rest_route=\/wp\/v2\/users\/1"}],"replies":[{"embeddable":true,"href":"https:\/\/sanfrancesco800.cultura.gov.it\/index.php?rest_route=%2Fwp%2Fv2%2Fcomments&post=1594"}],"version-history":[{"count":6,"href":"https:\/\/sanfrancesco800.cultura.gov.it\/index.php?rest_route=\/wp\/v2\/project\/1594\/revisions"}],"predecessor-version":[{"id":18137,"href":"https:\/\/sanfrancesco800.cultura.gov.it\/index.php?rest_route=\/wp\/v2\/project\/1594\/revisions\/18137"}],"wp:featuredmedia":[{"embeddable":true,"href":"https:\/\/sanfrancesco800.cultura.gov.it\/index.php?rest_route=\/wp\/v2\/media\/18136"}],"wp:attachment":[{"href":"https:\/\/sanfrancesco800.cultura.gov.it\/index.php?rest_route=%2Fwp%2Fv2%2Fmedia&parent=1594"}],"wp:term":[{"taxonomy":"pj-categs","embeddable":true,"href":"https:\/\/sanfrancesco800.cultura.gov.it\/index.php?rest_route=%2Fwp%2Fv2%2Fpj-categs&post=1594"},{"taxonomy":"pj-tags","embeddable":true,"href":"https:\/\/sanfrancesco800.cultura.gov.it\/index.php?rest_route=%2Fwp%2Fv2%2Fpj-tags&post=1594"}],"curies":[{"name":"wp","href":"https:\/\/api.w.org\/{rel}","templated":true}]}}

<div id="cmsmasters_row_j7ltb9xl0g" class="cmsmasters_row cmsmasters_color_scheme_default cmsmasters_row_top_default cmsmasters_row_bot_default cmsmasters_row_boxed">
<div class="cmsmasters_row_outer_parent">
<div class="cmsmasters_row_outer">
<div class="cmsmasters_row_inner">
<div class="cmsmasters_row_margin">
<div id="cmsmasters_column_od6ck2q5d8" class="cmsmasters_column one_first">
<div class="cmsmasters_column_inner"><div class="cmsmasters_text">
<p>Uno degli impegni centrali degli ultimi anni di vita di frate Francesco sarà l’aggiornamento della primitiva regola (o forma di vita) della fraternità – composta quasi essenzialmente di passi del Vangelo &#8211; che si era costituita attorno a lui e che aveva preso nel tempo il nome di “frati minori”. Questa primitiva forma di vita era stata approvata oralmente da papa Innocenzo III probabilmente nel maggio 1210, tuttavia la rapida crescita dell’Ordine e la rilevanza che all’interno della Chiesa e della società del tempo andava assumendo, chiedevano un regolamento più articolato, in particolare in sintonia con le norme del diritto canonico del tempo. Dopo un primo tentativo – che non ottenne la ratifica finale della curia romana (la Regola non bollata, appunto del 1221) – finalmente la nuova versione, per la cui redazione frate Francesco si era ritirato a lungo nell’eremo di Fonte Colombo, nella valle santa reatina, il 29 novembre 1223 riceverà la conferma definitiva (per questo è detta Regola bollata) da parte di papa Onorio III. Essa è diventata così la norma fondamentale per la vita e l’apostolato dei frati francescani fino ad oggi.</p>
<h6>Fonte immagine : https://www.clarissevallesanta.it</h6>
</div>
</div></div>
</div>
</div>
</div>
</div>
</div>
<div id="cmsmasters_row_21mabcj8o" class="cmsmasters_row cmsmasters_color_scheme_default cmsmasters_row_top_default cmsmasters_row_bot_default cmsmasters_row_boxed">
<div class="cmsmasters_row_outer_parent">
<div class="cmsmasters_row_outer">
<div class="cmsmasters_row_inner">
<div class="cmsmasters_row_margin">
<div id="cmsmasters_column_yvyndi5z2j" class="cmsmasters_column one_first">
<div class="cmsmasters_column_inner"></div></div>
</div>
</div>
</div>
</div>
</div>
