{"id":15476,"date":"2023-11-13T15:14:58","date_gmt":"2023-11-13T14:14:58","guid":{"rendered":"https:\/\/sanfrancesco800.cultura.gov.it\/?post_type=project&#038;p=15476"},"modified":"2023-11-13T15:15:24","modified_gmt":"2023-11-13T14:15:24","slug":"basilica-di-san-francesco-in-assisi","status":"publish","type":"project","link":"https:\/\/sanfrancesco800.cultura.gov.it\/?project=basilica-di-san-francesco-in-assisi","title":{"rendered":"Basilica di San Francesco in Assisi"},"content":{"rendered":"<div id=\"cmsmasters_row_1ea7viimqb\" class=\"cmsmasters_row cmsmasters_color_scheme_default cmsmasters_row_top_default cmsmasters_row_bot_default cmsmasters_row_boxed\">\n<div class=\"cmsmasters_row_outer_parent\">\n<div class=\"cmsmasters_row_outer\">\n<div class=\"cmsmasters_row_inner\">\n<div class=\"cmsmasters_row_margin\">\n<div id=\"cmsmasters_column_v6xr08u80c\" class=\"cmsmasters_column one_first\">\n<div class=\"cmsmasters_column_inner\"><div class=\"cmsmasters_text\">\n<p>La <b>basilica di San Francesco<\/b> si trova ad Assisi, in Umbria \u00e8 il luogo che dal 1230 conserva e custodisce le spoglie mortali del santo serafico.<\/p>\n<p>Voluta da Papa Gregorio IX quale <i>specialis ecclesia<\/i>, venne insignita dallo stesso Pontefice del titolo di <i>Caput et Mater<\/i> dell&#8217;Ordine minoritico <sup id=\"cite_ref-2\" class=\"reference\"><\/sup>e contestualmente affidata in perpetuo agli stessi frati. Fa parte delle propriet\u00e0 non extraterritoriali della Santa Sede, quindi non gode di immunit\u00e0 diplomatica. Nella complessa storia che ha segnato l&#8217;evoluzione dell&#8217;Ordine, la basilica (e l&#8217;annesso Sacro Convento) fu sempre custodita dai cosiddetti &#8220;frati della comunit\u00e0&#8221;, il gruppo che and\u00f2 in seguito a costituire l&#8217;Ordine dei Frati Minori Conventuali.<\/p>\n<p>Presso la Chiesa sepolcrale della Basilica dove fu eretto l&#8217;altare sulla tomba del Santo, il 19 novembre 1585, il papa francescano Sisto V, con la bolla <i>Supernae dispositionis<\/i> istituiva l&#8217;Arciconfraternita dei Cordigeri. Nel 1754 Benedetto XIV l&#8217;ha elevata alla dignit\u00e0 di Basilica patriarcale (dal 2006 &#8220;Basilica papale&#8221;) e Cappella papale. Nell&#8217;anno 2000, insieme ad altri siti francescani del circondario, la basilica \u00e8 stata inserita nella Lista del patrimonio dell&#8217;umanit\u00e0 dell&#8217;UNESCO. \u00c8 monumento nazionale italiano.<\/p>\n<\/div>\n<\/div><\/div>\n<\/div>\n<\/div>\n<\/div>\n<\/div>\n<\/div>\n\n","protected":false},"excerpt":{"rendered":"","protected":false},"author":1,"featured_media":0,"menu_order":0,"comment_status":"closed","ping_status":"closed","template":"","format":"standard","meta":{"footnotes":""},"pj-categs":[25],"pj-tags":[],"class_list":["post-15476","project","type-project","status-publish","format-standard","hentry","pj-categs-luoghi"],"_links":{"self":[{"href":"https:\/\/sanfrancesco800.cultura.gov.it\/index.php?rest_route=\/wp\/v2\/project\/15476","targetHints":{"allow":["GET"]}}],"collection":[{"href":"https:\/\/sanfrancesco800.cultura.gov.it\/index.php?rest_route=\/wp\/v2\/project"}],"about":[{"href":"https:\/\/sanfrancesco800.cultura.gov.it\/index.php?rest_route=\/wp\/v2\/types\/project"}],"author":[{"embeddable":true,"href":"https:\/\/sanfrancesco800.cultura.gov.it\/index.php?rest_route=\/wp\/v2\/users\/1"}],"replies":[{"embeddable":true,"href":"https:\/\/sanfrancesco800.cultura.gov.it\/index.php?rest_route=%2Fwp%2Fv2%2Fcomments&post=15476"}],"version-history":[{"count":2,"href":"https:\/\/sanfrancesco800.cultura.gov.it\/index.php?rest_route=\/wp\/v2\/project\/15476\/revisions"}],"predecessor-version":[{"id":15479,"href":"https:\/\/sanfrancesco800.cultura.gov.it\/index.php?rest_route=\/wp\/v2\/project\/15476\/revisions\/15479"}],"wp:attachment":[{"href":"https:\/\/sanfrancesco800.cultura.gov.it\/index.php?rest_route=%2Fwp%2Fv2%2Fmedia&parent=15476"}],"wp:term":[{"taxonomy":"pj-categs","embeddable":true,"href":"https:\/\/sanfrancesco800.cultura.gov.it\/index.php?rest_route=%2Fwp%2Fv2%2Fpj-categs&post=15476"},{"taxonomy":"pj-tags","embeddable":true,"href":"https:\/\/sanfrancesco800.cultura.gov.it\/index.php?rest_route=%2Fwp%2Fv2%2Fpj-tags&post=15476"}],"curies":[{"name":"wp","href":"https:\/\/api.w.org\/{rel}","templated":true}]}}

<div id="cmsmasters_row_1ea7viimqb" class="cmsmasters_row cmsmasters_color_scheme_default cmsmasters_row_top_default cmsmasters_row_bot_default cmsmasters_row_boxed">
<div class="cmsmasters_row_outer_parent">
<div class="cmsmasters_row_outer">
<div class="cmsmasters_row_inner">
<div class="cmsmasters_row_margin">
<div id="cmsmasters_column_v6xr08u80c" class="cmsmasters_column one_first">
<div class="cmsmasters_column_inner"><div class="cmsmasters_text">
<p>La <b>basilica di San Francesco</b> si trova ad Assisi, in Umbria è il luogo che dal 1230 conserva e custodisce le spoglie mortali del santo serafico.</p>
<p>Voluta da Papa Gregorio IX quale <i>specialis ecclesia</i>, venne insignita dallo stesso Pontefice del titolo di <i>Caput et Mater</i> dell&#8217;Ordine minoritico <sup id="cite_ref-2" class="reference"></sup>e contestualmente affidata in perpetuo agli stessi frati. Fa parte delle proprietà non extraterritoriali della Santa Sede, quindi non gode di immunità diplomatica. Nella complessa storia che ha segnato l&#8217;evoluzione dell&#8217;Ordine, la basilica (e l&#8217;annesso Sacro Convento) fu sempre custodita dai cosiddetti &#8220;frati della comunità&#8221;, il gruppo che andò in seguito a costituire l&#8217;Ordine dei Frati Minori Conventuali.</p>
<p>Presso la Chiesa sepolcrale della Basilica dove fu eretto l&#8217;altare sulla tomba del Santo, il 19 novembre 1585, il papa francescano Sisto V, con la bolla <i>Supernae dispositionis</i> istituiva l&#8217;Arciconfraternita dei Cordigeri. Nel 1754 Benedetto XIV l&#8217;ha elevata alla dignità di Basilica patriarcale (dal 2006 &#8220;Basilica papale&#8221;) e Cappella papale. Nell&#8217;anno 2000, insieme ad altri siti francescani del circondario, la basilica è stata inserita nella Lista del patrimonio dell&#8217;umanità dell&#8217;UNESCO. È monumento nazionale italiano.</p>
</div>
</div></div>
</div>
</div>
</div>
</div>
</div>
